{"id":2499,"date":"2025-09-23T12:56:08","date_gmt":"2025-09-23T16:56:08","guid":{"rendered":"https:\/\/prisonbannedbooksweek.org\/?page_id=2499"},"modified":"2025-09-23T17:29:52","modified_gmt":"2025-09-23T21:29:52","slug":"about","status":"publish","type":"page","link":"https:\/\/prisonbannedbooksweek.org\/es\/about\/","title":{"rendered":""},"content":{"rendered":"<div class=\"wp-block-group is-layout-constrained wp-block-group-is-layout-constrained\">\n<p class=\"has-text-align-center ptag has-medium-font-size\"><strong>Para concienciar sobre esta pr\u00e1ctica de censura, la m\u00e1s generalizada en Estados Unidos, la tercera edici\u00f3n de la Semana del Libro Prohibido en Prisi\u00f3n re\u00fane a m\u00e1s de sesenta organizaciones que trabajan por la libertad de expresi\u00f3n.<\/strong> Libreros independientes, bibliotecas, programas de libros para reclusos, organizaciones de defensa de los derechos civiles y de la Primera Enmienda y organizaciones de defensa legal trabajan incansablemente para garantizar el libre acceso a la informaci\u00f3n y a las ideas necesarias para una sociedad democr\u00e1tica.<\/p>\n\n\n\n<p class=\"has-text-align-center has-medium-font-size\">Esta Semana del Libro Prohibido en Prisiones celebraremos su labor y ofreceremos formas de conectar con estas incre\u00edbles organizaciones.<\/p>\n\n\n\n<section class=\"wp-block-group alignwide is-layout-constrained wp-block-group-is-layout-constrained\">\n<figure class=\"wp-block-image aligncenter size-full is-resized\"><img decoding=\"async\" width=\"900\" height=\"292\" data-src=\"https:\/\/prisonbannedbooksweek.org\/wp-content\/uploads\/2025\/01\/Books-Not-Bans.png\" alt=\"\" class=\"wp-image-2455 lazyload\" style=\"--smush-placeholder-width: 900px; --smush-placeholder-aspect-ratio: 900\/292;width:572px;height:auto\" data-srcset=\"https:\/\/prisonbannedbooksweek.org\/wp-content\/uploads\/2025\/01\/Books-Not-Bans.png 900w, https:\/\/prisonbannedbooksweek.org\/wp-content\/uploads\/2025\/01\/Books-Not-Bans-300x97.png 300w, https:\/\/prisonbannedbooksweek.org\/wp-content\/uploads\/2025\/01\/Books-Not-Bans-1024x332.png 1024w, https:\/\/prisonbannedbooksweek.org\/wp-content\/uploads\/2025\/01\/Books-Not-Bans-768x249.png 768w, https:\/\/prisonbannedbooksweek.org\/wp-content\/uploads\/2025\/01\/Books-Not-Bans-1536x498.png 1536w, https:\/\/prisonbannedbooksweek.org\/wp-content\/uploads\/2025\/01\/Books-Not-Bans-18x6.png 18w\" data-sizes=\"(max-width: 900px) 100vw, 900px\" src=\"data:image\/svg+xml;base64,PHN2ZyB3aWR0aD0iMSIgaGVpZ2h0PSIxIiB4bWxucz0iaHR0cDovL3d3dy53My5vcmcvMjAwMC9zdmciPjwvc3ZnPg==\" \/><\/figure>\n<\/section>\n<\/div>\n\n\n\n<h2 class=\"wp-block-heading\">Nuestra historia<\/h2>\n\n\n\n<div class=\"wp-block-cover has-custom-content-position is-position-center-left get-book-parent wp-duotone-unset-1\" style=\"min-height:473px;aspect-ratio:unset;\"><img decoding=\"async\" width=\"900\" height=\"617\" class=\"wp-block-cover__image-background wp-image-2217 lazyload\" alt=\"\" data-src=\"https:\/\/prisonbannedbooksweek.org\/wp-content\/uploads\/2024\/08\/book-tout-scaled.jpg\" data-object-fit=\"cover\" data-srcset=\"https:\/\/prisonbannedbooksweek.org\/wp-content\/uploads\/2024\/08\/book-tout-scaled.jpg 900w, https:\/\/prisonbannedbooksweek.org\/wp-content\/uploads\/2024\/08\/book-tout-300x206.jpg 300w, https:\/\/prisonbannedbooksweek.org\/wp-content\/uploads\/2024\/08\/book-tout-768x526.jpg 768w, https:\/\/prisonbannedbooksweek.org\/wp-content\/uploads\/2024\/08\/book-tout-18x12.jpg 18w\" data-sizes=\"(max-width: 900px) 100vw, 900px\" src=\"data:image\/svg+xml;base64,PHN2ZyB3aWR0aD0iMSIgaGVpZ2h0PSIxIiB4bWxucz0iaHR0cDovL3d3dy53My5vcmcvMjAwMC9zdmciPjwvc3ZnPg==\" style=\"--smush-placeholder-width: 900px; --smush-placeholder-aspect-ratio: 900\/617;\" \/><span aria-hidden=\"true\" class=\"wp-block-cover__background has-background-dim-0 has-background-dim\"><\/span><div class=\"wp-block-cover__inner-container is-layout-flow wp-block-cover-is-layout-flow\">\n<h2 class=\"wp-block-heading has-text-align-left has-background-color has-text-color has-link-color wp-elements-480041e2f4a89491150690210213d092\">Compre el libro<\/h2>\n\n\n\n<p class=\"has-text-align-left ptag get-book\">\u00bfSiempre se han prohibido los libros en las prisiones y c\u00e1rceles? \u00bfPor qu\u00e9 se censura lo que se puede leer? \u00bfQu\u00e9 tipo de libros se censuran? \u00bfQu\u00e9 ha hecho la gente para intentar resistirse a estos l\u00edmites a la lectura? Descubra m\u00e1s en esta historia de los programas de libros en las c\u00e1rceles.<\/p>\n\n\n\n<div class=\"wp-block-buttons alignwide is-content-justification-left is-layout-flex wp-container-core-buttons-is-layout-ab31b1cb wp-block-buttons-is-layout-flex\">\n<div class=\"wp-block-button has-custom-width wp-block-button__width-25\"><a class=\"wp-block-button__link wp-element-button\" href=\"https:\/\/ugapress.org\/book\/9780820365879\/books-through-bars\/\" target=\"_blank\" rel=\"noreferrer noopener\">Comprar el libro<\/a><\/div>\n<\/div>\n<\/div><\/div>\n\n\n\n<p class=\"ptag\"><\/p>\n\n\n\n<div class=\"wp-block-group is-layout-constrained wp-block-group-is-layout-constrained\">\n<h2 class=\"wp-block-heading\">Nuestras victorias<\/h2>\n\n\n\n<figure class=\"wp-block-gallery has-nested-images columns-default is-cropped wp-block-gallery-2 is-layout-flex wp-block-gallery-is-layout-flex\">\n<figure class=\"wp-block-image size-large\"><img decoding=\"async\" width=\"1024\" height=\"681\" data-id=\"2414\" data-src=\"https:\/\/prisonbannedbooksweek.org\/wp-content\/uploads\/2024\/09\/Screenshot-2024-09-17-at-11.01.58\u202fAM-1024x681.png\" alt=\"\" class=\"wp-image-2414 lazyload\" data-srcset=\"https:\/\/prisonbannedbooksweek.org\/wp-content\/uploads\/2024\/09\/Screenshot-2024-09-17-at-11.01.58\u202fAM-1024x681.png 1024w, https:\/\/prisonbannedbooksweek.org\/wp-content\/uploads\/2024\/09\/Screenshot-2024-09-17-at-11.01.58\u202fAM-300x200.png 300w, https:\/\/prisonbannedbooksweek.org\/wp-content\/uploads\/2024\/09\/Screenshot-2024-09-17-at-11.01.58\u202fAM-768x511.png 768w, https:\/\/prisonbannedbooksweek.org\/wp-content\/uploads\/2024\/09\/Screenshot-2024-09-17-at-11.01.58\u202fAM-18x12.png 18w, https:\/\/prisonbannedbooksweek.org\/wp-content\/uploads\/2024\/09\/Screenshot-2024-09-17-at-11.01.58\u202fAM.png 900w\" data-sizes=\"(max-width: 1024px) 100vw, 1024px\" src=\"data:image\/svg+xml;base64,PHN2ZyB3aWR0aD0iMSIgaGVpZ2h0PSIxIiB4bWxucz0iaHR0cDovL3d3dy53My5vcmcvMjAwMC9zdmciPjwvc3ZnPg==\" style=\"--smush-placeholder-width: 1024px; --smush-placeholder-aspect-ratio: 1024\/681;\" \/><\/figure>\n\n\n\n<figure class=\"wp-block-image size-large\"><img decoding=\"async\" width=\"1024\" height=\"612\" data-id=\"2425\" data-src=\"https:\/\/prisonbannedbooksweek.org\/wp-content\/uploads\/2024\/09\/Screenshot-2024-09-18-at-10.43.32\u202fAM-1024x612.png\" alt=\"The Prison Banned Books Week 2024 Logo\" class=\"wp-image-2425 lazyload\" data-srcset=\"https:\/\/prisonbannedbooksweek.org\/wp-content\/uploads\/2024\/09\/Screenshot-2024-09-18-at-10.43.32\u202fAM-1024x612.png 1024w, https:\/\/prisonbannedbooksweek.org\/wp-content\/uploads\/2024\/09\/Screenshot-2024-09-18-at-10.43.32\u202fAM-300x179.png 300w, https:\/\/prisonbannedbooksweek.org\/wp-content\/uploads\/2024\/09\/Screenshot-2024-09-18-at-10.43.32\u202fAM-768x459.png 768w, https:\/\/prisonbannedbooksweek.org\/wp-content\/uploads\/2024\/09\/Screenshot-2024-09-18-at-10.43.32\u202fAM-1536x918.png 1536w, https:\/\/prisonbannedbooksweek.org\/wp-content\/uploads\/2024\/09\/Screenshot-2024-09-18-at-10.43.32\u202fAM-2048x1224.png 2048w, https:\/\/prisonbannedbooksweek.org\/wp-content\/uploads\/2024\/09\/Screenshot-2024-09-18-at-10.43.32\u202fAM-18x12.png 18w, https:\/\/prisonbannedbooksweek.org\/wp-content\/uploads\/2024\/09\/Screenshot-2024-09-18-at-10.43.32\u202fAM.png 900w\" data-sizes=\"(max-width: 1024px) 100vw, 1024px\" src=\"data:image\/svg+xml;base64,PHN2ZyB3aWR0aD0iMSIgaGVpZ2h0PSIxIiB4bWxucz0iaHR0cDovL3d3dy53My5vcmcvMjAwMC9zdmciPjwvc3ZnPg==\" style=\"--smush-placeholder-width: 1024px; --smush-placeholder-aspect-ratio: 1024\/612;\" \/><\/figure>\n\n\n\n<figure class=\"wp-block-image size-large\"><img decoding=\"async\" width=\"800\" height=\"436\" data-id=\"2434\" data-src=\"https:\/\/prisonbannedbooksweek.org\/wp-content\/uploads\/2024\/09\/prison-shadow.jpg\" alt=\"\" class=\"wp-image-2434 lazyload\" data-srcset=\"https:\/\/prisonbannedbooksweek.org\/wp-content\/uploads\/2024\/09\/prison-shadow.jpg 800w, https:\/\/prisonbannedbooksweek.org\/wp-content\/uploads\/2024\/09\/prison-shadow-300x164.jpg 300w, https:\/\/prisonbannedbooksweek.org\/wp-content\/uploads\/2024\/09\/prison-shadow-768x419.jpg 768w, https:\/\/prisonbannedbooksweek.org\/wp-content\/uploads\/2024\/09\/prison-shadow-18x10.jpg 18w\" data-sizes=\"(max-width: 800px) 100vw, 800px\" src=\"data:image\/svg+xml;base64,PHN2ZyB3aWR0aD0iMSIgaGVpZ2h0PSIxIiB4bWxucz0iaHR0cDovL3d3dy53My5vcmcvMjAwMC9zdmciPjwvc3ZnPg==\" style=\"--smush-placeholder-width: 800px; --smush-placeholder-aspect-ratio: 800\/436;\" \/><\/figure>\n\n\n\n<figure class=\"wp-block-image size-large\"><img decoding=\"async\" width=\"1024\" height=\"771\" data-id=\"2439\" data-src=\"https:\/\/prisonbannedbooksweek.org\/wp-content\/uploads\/2024\/09\/Screenshot-2024-09-25-at-9.19.56\u202fAM-1024x771.png\" alt=\"\" class=\"wp-image-2439 lazyload\" data-srcset=\"https:\/\/prisonbannedbooksweek.org\/wp-content\/uploads\/2024\/09\/Screenshot-2024-09-25-at-9.19.56\u202fAM-1024x771.png 1024w, https:\/\/prisonbannedbooksweek.org\/wp-content\/uploads\/2024\/09\/Screenshot-2024-09-25-at-9.19.56\u202fAM-300x226.png 300w, https:\/\/prisonbannedbooksweek.org\/wp-content\/uploads\/2024\/09\/Screenshot-2024-09-25-at-9.19.56\u202fAM-768x578.png 768w, https:\/\/prisonbannedbooksweek.org\/wp-content\/uploads\/2024\/09\/Screenshot-2024-09-25-at-9.19.56\u202fAM-16x12.png 16w, https:\/\/prisonbannedbooksweek.org\/wp-content\/uploads\/2024\/09\/Screenshot-2024-09-25-at-9.19.56\u202fAM.png 900w\" data-sizes=\"(max-width: 1024px) 100vw, 1024px\" src=\"data:image\/svg+xml;base64,PHN2ZyB3aWR0aD0iMSIgaGVpZ2h0PSIxIiB4bWxucz0iaHR0cDovL3d3dy53My5vcmcvMjAwMC9zdmciPjwvc3ZnPg==\" style=\"--smush-placeholder-width: 1024px; --smush-placeholder-aspect-ratio: 1024\/771;\" \/><\/figure>\n<\/figure>\n<\/div>","protected":false},"excerpt":{"rendered":"<p>Para concienciar sobre esta pr\u00e1ctica de censura, la m\u00e1s generalizada en Estados Unidos, la tercera edici\u00f3n anual de la Semana del Libro Prohibido en Prisi\u00f3n re\u00fane a m\u00e1s de sesenta organizaciones que trabajan por la libertad de expresi\u00f3n. Libreros independientes, bibliotecas, programas de libros en prisiones, organizaciones de defensa de los derechos civiles y de la Primera Enmienda y organizaciones de defensa legal trabajan incansablemente para garantizar el libre acceso a la informaci\u00f3n y a las ideas necesarias. <a class=\"more-link\" href=\"https:\/\/prisonbannedbooksweek.org\/es\/about\/\">Leer m\u00e1s...<\/a><\/p>","protected":false},"author":17,"featured_media":0,"parent":0,"menu_order":0,"comment_status":"closed","ping_status":"closed","template":"","meta":{"_acf_changed":false,"inline_featured_image":false,"footnotes":""},"class_list":["post-2499","page","type-page","status-publish","hentry"],"acf":[],"_links":{"self":[{"href":"https:\/\/prisonbannedbooksweek.org\/es\/wp-json\/wp\/v2\/pages\/2499","targetHints":{"allow":["GET"]}}],"collection":[{"href":"https:\/\/prisonbannedbooksweek.org\/es\/wp-json\/wp\/v2\/pages"}],"about":[{"href":"https:\/\/prisonbannedbooksweek.org\/es\/wp-json\/wp\/v2\/types\/page"}],"author":[{"embeddable":true,"href":"https:\/\/prisonbannedbooksweek.org\/es\/wp-json\/wp\/v2\/users\/17"}],"replies":[{"embeddable":true,"href":"https:\/\/prisonbannedbooksweek.org\/es\/wp-json\/wp\/v2\/comments?post=2499"}],"version-history":[{"count":0,"href":"https:\/\/prisonbannedbooksweek.org\/es\/wp-json\/wp\/v2\/pages\/2499\/revisions"}],"wp:attachment":[{"href":"https:\/\/prisonbannedbooksweek.org\/es\/wp-json\/wp\/v2\/media?parent=2499"}],"curies":[{"name":"wp","href":"https:\/\/api.w.org\/{rel}","templated":true}]}}

<div class="wp-block-group is-layout-constrained wp-block-group-is-layout-constrained">
<p class="has-text-align-center ptag has-medium-font-size"><strong>Para concienciar sobre esta práctica de censura, la más generalizada en Estados Unidos, la tercera edición de la Semana del Libro Prohibido en Prisión reúne a más de sesenta organizaciones que trabajan por la libertad de expresión.</strong> Libreros independientes, bibliotecas, programas de libros para reclusos, organizaciones de defensa de los derechos civiles y de la Primera Enmienda y organizaciones de defensa legal trabajan incansablemente para garantizar el libre acceso a la información y a las ideas necesarias para una sociedad democrática.</p>



<p class="has-text-align-center has-medium-font-size">Esta Semana del Libro Prohibido en Prisiones celebraremos su labor y ofreceremos formas de conectar con estas increíbles organizaciones.</p>



<section class="wp-block-group alignwide is-layout-constrained wp-block-group-is-layout-constrained">
<figure class="wp-block-image aligncenter size-full is-resized"><img decoding="async" width="900" height="292" data-src="https://prisonbannedbooksweek.org/wp-content/uploads/2025/01/Books-Not-Bans.png" alt="" class="wp-image-2455 lazyload" style="--smush-placeholder-width: 900px; --smush-placeholder-aspect-ratio: 900/292;width:572px;height:auto" data-srcset="https://prisonbannedbooksweek.org/wp-content/uploads/2025/01/Books-Not-Bans.png 900w, https://prisonbannedbooksweek.org/wp-content/uploads/2025/01/Books-Not-Bans-300x97.png 300w, https://prisonbannedbooksweek.org/wp-content/uploads/2025/01/Books-Not-Bans-1024x332.png 1024w, https://prisonbannedbooksweek.org/wp-content/uploads/2025/01/Books-Not-Bans-768x249.png 768w, https://prisonbannedbooksweek.org/wp-content/uploads/2025/01/Books-Not-Bans-1536x498.png 1536w, https://prisonbannedbooksweek.org/wp-content/uploads/2025/01/Books-Not-Bans-18x6.png 18w" data-sizes="(max-width: 900px) 100vw, 900px" src="data:image/svg+xml;base64,PHN2ZyB3aWR0aD0iMSIgaGVpZ2h0PSIxIiB4bWxucz0iaHR0cDovL3d3dy53My5vcmcvMjAwMC9zdmciPjwvc3ZnPg==" /></figure>
</section>
</div>



<h2 class="wp-block-heading">Nuestra historia</h2>



<div class="wp-block-cover has-custom-content-position is-position-center-left get-book-parent wp-duotone-unset-1" style="min-height:473px;aspect-ratio:unset;"><img decoding="async" width="900" height="617" class="wp-block-cover__image-background wp-image-2217 lazyload" alt="" data-src="https://prisonbannedbooksweek.org/wp-content/uploads/2024/08/book-tout-scaled.jpg" data-object-fit="cover" data-srcset="https://prisonbannedbooksweek.org/wp-content/uploads/2024/08/book-tout-scaled.jpg 900w, https://prisonbannedbooksweek.org/wp-content/uploads/2024/08/book-tout-300x206.jpg 300w, https://prisonbannedbooksweek.org/wp-content/uploads/2024/08/book-tout-768x526.jpg 768w, https://prisonbannedbooksweek.org/wp-content/uploads/2024/08/book-tout-18x12.jpg 18w" data-sizes="(max-width: 900px) 100vw, 900px" src="data:image/svg+xml;base64,PHN2ZyB3aWR0aD0iMSIgaGVpZ2h0PSIxIiB4bWxucz0iaHR0cDovL3d3dy53My5vcmcvMjAwMC9zdmciPjwvc3ZnPg==" style="--smush-placeholder-width: 900px; --smush-placeholder-aspect-ratio: 900/617;" /><span aria-hidden="true" class="wp-block-cover__background has-background-dim-0 has-background-dim"></span><div class="wp-block-cover__inner-container is-layout-flow wp-block-cover-is-layout-flow">
<h2 class="wp-block-heading has-text-align-left has-background-color has-text-color has-link-color wp-elements-480041e2f4a89491150690210213d092">Compre el libro</h2>



<p class="has-text-align-left ptag get-book">¿Siempre se han prohibido los libros en las prisiones y cárceles? ¿Por qué se censura lo que se puede leer? ¿Qué tipo de libros se censuran? ¿Qué ha hecho la gente para intentar resistirse a estos límites a la lectura? Descubra más en esta historia de los programas de libros en las cárceles.</p>



<div class="wp-block-buttons alignwide is-content-justification-left is-layout-flex wp-container-core-buttons-is-layout-ab31b1cb wp-block-buttons-is-layout-flex">
<div class="wp-block-button has-custom-width wp-block-button__width-25"><a class="wp-block-button__link wp-element-button" href="https://ugapress.org/book/9780820365879/books-through-bars/" target="_blank" rel="noreferrer noopener">Comprar el libro</a></div>
</div>
</div></div>



<p class="ptag"></p>



<div class="wp-block-group is-layout-constrained wp-block-group-is-layout-constrained">
<h2 class="wp-block-heading">Nuestras victorias</h2>



<figure class="wp-block-gallery has-nested-images columns-default is-cropped wp-block-gallery-2 is-layout-flex wp-block-gallery-is-layout-flex">
<figure class="wp-block-image size-large"><img decoding="async" width="1024" height="681" data-id="2414" data-src="https://prisonbannedbooksweek.org/wp-content/uploads/2024/09/Screenshot-2024-09-17-at-11.01.58 AM-1024x681.png" alt="" class="wp-image-2414 lazyload" data-srcset="https://prisonbannedbooksweek.org/wp-content/uploads/2024/09/Screenshot-2024-09-17-at-11.01.58 AM-1024x681.png 1024w, https://prisonbannedbooksweek.org/wp-content/uploads/2024/09/Screenshot-2024-09-17-at-11.01.58 AM-300x200.png 300w, https://prisonbannedbooksweek.org/wp-content/uploads/2024/09/Screenshot-2024-09-17-at-11.01.58 AM-768x511.png 768w, https://prisonbannedbooksweek.org/wp-content/uploads/2024/09/Screenshot-2024-09-17-at-11.01.58 AM-18x12.png 18w, https://prisonbannedbooksweek.org/wp-content/uploads/2024/09/Screenshot-2024-09-17-at-11.01.58 AM.png 900w" data-sizes="(max-width: 1024px) 100vw, 1024px" src="data:image/svg+xml;base64,PHN2ZyB3aWR0aD0iMSIgaGVpZ2h0PSIxIiB4bWxucz0iaHR0cDovL3d3dy53My5vcmcvMjAwMC9zdmciPjwvc3ZnPg==" style="--smush-placeholder-width: 1024px; --smush-placeholder-aspect-ratio: 1024/681;" /></figure>



<figure class="wp-block-image size-large"><img decoding="async" width="1024" height="612" data-id="2425" data-src="https://prisonbannedbooksweek.org/wp-content/uploads/2024/09/Screenshot-2024-09-18-at-10.43.32 AM-1024x612.png" alt="The Prison Banned Books Week 2024 Logo" class="wp-image-2425 lazyload" data-srcset="https://prisonbannedbooksweek.org/wp-content/uploads/2024/09/Screenshot-2024-09-18-at-10.43.32 AM-1024x612.png 1024w, https://prisonbannedbooksweek.org/wp-content/uploads/2024/09/Screenshot-2024-09-18-at-10.43.32 AM-300x179.png 300w, https://prisonbannedbooksweek.org/wp-content/uploads/2024/09/Screenshot-2024-09-18-at-10.43.32 AM-768x459.png 768w, https://prisonbannedbooksweek.org/wp-content/uploads/2024/09/Screenshot-2024-09-18-at-10.43.32 AM-1536x918.png 1536w, https://prisonbannedbooksweek.org/wp-content/uploads/2024/09/Screenshot-2024-09-18-at-10.43.32 AM-2048x1224.png 2048w, https://prisonbannedbooksweek.org/wp-content/uploads/2024/09/Screenshot-2024-09-18-at-10.43.32 AM-18x12.png 18w, https://prisonbannedbooksweek.org/wp-content/uploads/2024/09/Screenshot-2024-09-18-at-10.43.32 AM.png 900w" data-sizes="(max-width: 1024px) 100vw, 1024px" src="data:image/svg+xml;base64,PHN2ZyB3aWR0aD0iMSIgaGVpZ2h0PSIxIiB4bWxucz0iaHR0cDovL3d3dy53My5vcmcvMjAwMC9zdmciPjwvc3ZnPg==" style="--smush-placeholder-width: 1024px; --smush-placeholder-aspect-ratio: 1024/612;" /></figure>



<figure class="wp-block-image size-large"><img decoding="async" width="800" height="436" data-id="2434" data-src="https://prisonbannedbooksweek.org/wp-content/uploads/2024/09/prison-shadow.jpg" alt="" class="wp-image-2434 lazyload" data-srcset="https://prisonbannedbooksweek.org/wp-content/uploads/2024/09/prison-shadow.jpg 800w, https://prisonbannedbooksweek.org/wp-content/uploads/2024/09/prison-shadow-300x164.jpg 300w, https://prisonbannedbooksweek.org/wp-content/uploads/2024/09/prison-shadow-768x419.jpg 768w, https://prisonbannedbooksweek.org/wp-content/uploads/2024/09/prison-shadow-18x10.jpg 18w" data-sizes="(max-width: 800px) 100vw, 800px" src="data:image/svg+xml;base64,PHN2ZyB3aWR0aD0iMSIgaGVpZ2h0PSIxIiB4bWxucz0iaHR0cDovL3d3dy53My5vcmcvMjAwMC9zdmciPjwvc3ZnPg==" style="--smush-placeholder-width: 800px; --smush-placeholder-aspect-ratio: 800/436;" /></figure>



<figure class="wp-block-image size-large"><img decoding="async" width="1024" height="771" data-id="2439" data-src="https://prisonbannedbooksweek.org/wp-content/uploads/2024/09/Screenshot-2024-09-25-at-9.19.56 AM-1024x771.png" alt="" class="wp-image-2439 lazyload" data-srcset="https://prisonbannedbooksweek.org/wp-content/uploads/2024/09/Screenshot-2024-09-25-at-9.19.56 AM-1024x771.png 1024w, https://prisonbannedbooksweek.org/wp-content/uploads/2024/09/Screenshot-2024-09-25-at-9.19.56 AM-300x226.png 300w, https://prisonbannedbooksweek.org/wp-content/uploads/2024/09/Screenshot-2024-09-25-at-9.19.56 AM-768x578.png 768w, https://prisonbannedbooksweek.org/wp-content/uploads/2024/09/Screenshot-2024-09-25-at-9.19.56 AM-16x12.png 16w, https://prisonbannedbooksweek.org/wp-content/uploads/2024/09/Screenshot-2024-09-25-at-9.19.56 AM.png 900w" data-sizes="(max-width: 1024px) 100vw, 1024px" src="data:image/svg+xml;base64,PHN2ZyB3aWR0aD0iMSIgaGVpZ2h0PSIxIiB4bWxucz0iaHR0cDovL3d3dy53My5vcmcvMjAwMC9zdmciPjwvc3ZnPg==" style="--smush-placeholder-width: 1024px; --smush-placeholder-aspect-ratio: 1024/771;" /></figure>
</figure>
</div>

<p>Para concienciar sobre esta práctica de censura, la más generalizada en Estados Unidos, la tercera edición anual de la Semana del Libro Prohibido en Prisión reúne a más de sesenta organizaciones que trabajan por la libertad de expresión. Libreros independientes, bibliotecas, programas de libros en prisiones, organizaciones de defensa de los derechos civiles y de la Primera Enmienda y organizaciones de defensa legal trabajan incansablemente para garantizar el libre acceso a la información y a las ideas necesarias. <a class="more-link" href="https://prisonbannedbooksweek.org/es/about/">Leer más...</a></p>
